{"id":59,"date":"2017-09-23T09:57:03","date_gmt":"2017-09-23T07:57:03","guid":{"rendered":"http:\/\/www.lineupinfo.fr\/?page_id=59"},"modified":"2026-01-14T18:39:55","modified_gmt":"2026-01-14T17:39:55","slug":"les-tarifs-professionnels","status":"publish","type":"page","link":"http:\/\/www.lineupinfo.fr\/index.php\/les-tarifs-professionnels\/","title":{"rendered":"Les Tarifs Professionnels"},"content":{"rendered":"<p><strong>Maintenance informatique :<\/strong><br \/>\nD\u00e9placement + D\u00e9pannage (horaire) : 105 \u20ac TTC<br \/>\nMain d&rsquo;oeuvre 1\/2 heure suppl\u00e9mentaire : 55 \u20ac TTC<br \/>\nInstallation ou configuration Internet (configuration + test) : 130 \u20ac TTC<br \/>\nContrat de Maintenance 5 interventions (*) : 450 \u20ac TTC<br \/>\nContrat de Maintenance 10 interventions (*) 900 \u20ac TTC<br \/>\nContrat de Maintenance sur mesure : Me Contacter<\/p>\n<p><strong>Formation informatique :<\/strong><br \/>\nFormation \u00e0 domicile 1 H : 80 \u20ac TTC<br \/>\nFormation \u00e0 domicile 2 H : 150 \u20ac TTC<br \/>\nFormation \u00e0 domicile 3 H : 205 \u20ac TTC<br \/>\nFormation \u00e0 domicile 4 H : 275 \u20ac TTC<br \/>\nFormation \u00e0 domicile 5 H : 325 \u20ac TTC<\/p>\n<p><b><\/b>(*) Les contrats de maintenance professionnels permettent d&rsquo;avoir une intervention en priorit\u00e9 dans la journ\u00e9e ou \u00e0 J+1.<\/p>\n<p>NB : Toute intervention relevant d&rsquo;un probl\u00e8me plus complexe, pourra faire l&rsquo;objet du retrait du mat\u00e9riel avec l&rsquo;accord du client. Un devis gratuit sera alors communiqu\u00e9 en fonction de la r\u00e9paration si celle-ci est plus importante que pr\u00e9vue.<\/p>\n","protected":false},"excerpt":{"rendered":"<p>Maintenance informatique : D\u00e9placement + D\u00e9pannage (horaire) : 105 \u20ac TTC Main d&rsquo;oeuvre 1\/2 heure suppl\u00e9mentaire : 55 \u20ac TTC Installation ou configuration Internet (configuration + test) : 130 \u20ac TTC Contrat de Maintenance 5 interventions (*) : 450 \u20ac <a class=\"more-link\" href=\"http:\/\/www.lineupinfo.fr\/index.php\/les-tarifs-professionnels\/\">Continuer la lecture <span class=\"screen-reader-text\">  Les Tarifs Professionnels<\/span><span class=\"meta-nav\">&rarr;<\/span><\/a><\/p>\n","protected":false},"author":2,"featured_media":0,"parent":0,"menu_order":0,"comment_status":"closed","ping_status":"closed","template":"","meta":{"footnotes":""},"class_list":["post-59","page","type-page","status-publish","hentry"],"_links":{"self":[{"href":"http:\/\/www.lineupinfo.fr\/index.php\/wp-json\/wp\/v2\/pages\/59","targetHints":{"allow":["GET"]}}],"collection":[{"href":"http:\/\/www.lineupinfo.fr\/index.php\/wp-json\/wp\/v2\/pages"}],"about":[{"href":"http:\/\/www.lineupinfo.fr\/index.php\/wp-json\/wp\/v2\/types\/page"}],"author":[{"embeddable":true,"href":"http:\/\/www.lineupinfo.fr\/index.php\/wp-json\/wp\/v2\/users\/2"}],"replies":[{"embeddable":true,"href":"http:\/\/www.lineupinfo.fr\/index.php\/wp-json\/wp\/v2\/comments?post=59"}],"version-history":[{"count":10,"href":"http:\/\/www.lineupinfo.fr\/index.php\/wp-json\/wp\/v2\/pages\/59\/revisions"}],"predecessor-version":[{"id":183,"href":"http:\/\/www.lineupinfo.fr\/index.php\/wp-json\/wp\/v2\/pages\/59\/revisions\/183"}],"wp:attachment":[{"href":"http:\/\/www.lineupinfo.fr\/index.php\/wp-json\/wp\/v2\/media?parent=59"}],"curies":[{"name":"wp","href":"https:\/\/api.w.org\/{rel}","templated":true}]}}