{"id":32,"date":"2017-09-22T22:48:07","date_gmt":"2017-09-22T20:48:07","guid":{"rendered":"http:\/\/www.lineupinfo.fr\/?page_id=32"},"modified":"2021-03-08T20:30:43","modified_gmt":"2021-03-08T19:30:43","slug":"la-societe","status":"publish","type":"page","link":"http:\/\/www.lineupinfo.fr\/","title":{"rendered":"La Soci\u00e9t\u00e9"},"content":{"rendered":"<p>Line Up Informatique cr\u00e9\u00e9e en 2008, est une soci\u00e9t\u00e9 de services informatiques destin\u00e9e aux particuliers comme aux professionnels sur le secteur de Sainte Adresse, le Havre et ses alentours.<\/p>\n<p>La soci\u00e9t\u00e9 s&rsquo;engage \u00e0 fournir un service de qualit\u00e9 aupr\u00e8s des clients, d&rsquo;\u00eatre r\u00e9actif et disponible. Afin de mieux r\u00e9pondre \u00e0 vos attentes, le service s&rsquo;effectue \u00e0 domicile ou en entreprise. A noter que le mat\u00e9riel pourra toutefois \u00eatre r\u00e9par\u00e9 sur place, ou enlev\u00e9 et rapport\u00e9 sur site.<\/p>\n<p>La soci\u00e9t\u00e9 est ouverte du <u>Lundi au Vendredi de 09h \u00e0 18h.<\/u><\/p>\n<p>A votre service, Line Up Informatique.<\/p>\n","protected":false},"excerpt":{"rendered":"<p>Line Up Informatique cr\u00e9\u00e9e en 2008, est une soci\u00e9t\u00e9 de services informatiques destin\u00e9e aux particuliers comme aux professionnels sur le secteur de Sainte Adresse, le Havre et ses alentours. La soci\u00e9t\u00e9 s&rsquo;engage \u00e0 fournir un service de qualit\u00e9 aupr\u00e8s des <a class=\"more-link\" href=\"http:\/\/www.lineupinfo.fr\/\">Continuer la lecture <span class=\"screen-reader-text\">  La Soci\u00e9t\u00e9<\/span><span class=\"meta-nav\">&rarr;<\/span><\/a><\/p>\n","protected":false},"author":2,"featured_media":0,"parent":0,"menu_order":0,"comment_status":"closed","ping_status":"closed","template":"","meta":{"footnotes":""},"class_list":["post-32","page","type-page","status-publish","hentry"],"_links":{"self":[{"href":"http:\/\/www.lineupinfo.fr\/index.php\/wp-json\/wp\/v2\/pages\/32","targetHints":{"allow":["GET"]}}],"collection":[{"href":"http:\/\/www.lineupinfo.fr\/index.php\/wp-json\/wp\/v2\/pages"}],"about":[{"href":"http:\/\/www.lineupinfo.fr\/index.php\/wp-json\/wp\/v2\/types\/page"}],"author":[{"embeddable":true,"href":"http:\/\/www.lineupinfo.fr\/index.php\/wp-json\/wp\/v2\/users\/2"}],"replies":[{"embeddable":true,"href":"http:\/\/www.lineupinfo.fr\/index.php\/wp-json\/wp\/v2\/comments?post=32"}],"version-history":[{"count":5,"href":"http:\/\/www.lineupinfo.fr\/index.php\/wp-json\/wp\/v2\/pages\/32\/revisions"}],"predecessor-version":[{"id":152,"href":"http:\/\/www.lineupinfo.fr\/index.php\/wp-json\/wp\/v2\/pages\/32\/revisions\/152"}],"wp:attachment":[{"href":"http:\/\/www.lineupinfo.fr\/index.php\/wp-json\/wp\/v2\/media?parent=32"}],"curies":[{"name":"wp","href":"https:\/\/api.w.org\/{rel}","templated":true}]}}